= -d + 11 + 3 + 44*d**3 - 7 - 45*d**3. What are the prime factors of m(-6)?
229
Suppose 5*h = -4*j + 847, -2*j + 7*j + 3*h = 1049. Suppose j*k - 9828 = 201*k. What are the prime factors of k?
2, 3, 13
Suppose -11*h + 7 = -4*o - 14*h, 3*o - 5*h = 31. Suppose -o*v - 44 + 697 = 3*i, -651 = -2*v - 5*i. What are the prime factors of v?
2, 41
Let y(m) = -200*m + 50. Suppose -36 = 24*s - 12*s. What are the prime factors of y(s)?
2, 5, 13
Suppose 0 = 20862*t - 20851*t - 390225. List the prime factors of t.
3, 5, 11, 43
What are the prime factors of (-407440)/(-28) - 6/14 - (37 - 37)?
14551
List the prime factors of ((-2944)/(-10))/((-7)/17710*-22).
2, 23
Let r(f) = 6*f + 10. Let i(m) = 2*m**2 - 2*m + 2. Let c(p) = -p**2 - 26*p - 22. Let j be c(-25). Let k be i(j). What are the prime factors of r(k)?
2, 47
Let b(m) = -m**3 - 4*m**2 - 11*m - 12. Let x = -56 + 52. Let r(w) = 7*w + 22. Let u be r(x). List the prime factors of b(u).
2, 3, 7
Suppose r - 18962 = -5*b - 0*b, 3*r + b = 56900. What are the prime factors of r?
13, 1459
Let j = -100 + 6342. List the prime factors of j.
2, 3121
Let j = 89831 + -48994. List the prime factors of j.
97, 421
Let n = 10769 + -5032. What are the prime factors of n?
5737
Let f(q) = 5*q + 85. Let x be f(-15). List the prime factors of 13349/35 - (1 + (-6)/x).
3, 127
Suppose -g = 4*c - 26, 8*g + 5*c = 3*g + 55. Let o(q) = -q**3 + 9*q**2 - 4*q + 7. List the prime factors of o(g).
7, 13
Let j be 1 - 0 - 5/35*7. What are the prime factors of 119 - j/(-8 + 0)?
7, 17
List the prime factors of (-8 - -5*522) + (3 - 4).
3, 17
Let v(s) = 7*s - 21. Let p be v(3). Suppose 51 + 240 = q. Suppose 9*z - 456 - q = p. List the prime factors of z.
83
Let h be (-445 + 1)*(1 + -2)/3. Suppose -5*w + 8 = -w. Suppose h - 42 = w*v. What are the prime factors of v?
53
Suppose -5*f - b = -39465, -f + 2*b + 39480 = 4*f. List the prime factors of f.
2, 3947
Suppose 183*h + 4*h - 5302492 = -27*h. List the prime factors of h.
2, 13, 953
Let w = -14279 + 33660. What are the prime factors of w?
19381
Suppose 2*g - 7367 = -5*l, 6*l - l - 4*g - 7361 = 0. Suppose 17759 = 32*j - l. What are the prime factors of j?
601
Let q(s) be the second derivative of -121*s**3/6 - 9*s**2/2 - 2*s + 12. List the prime factors of q(-6).
3, 239
Let u = 40101 - 23034. What are the prime factors of u?
3, 5689
Suppose 14*m - 240346 + 53614 = 0. What are the prime factors of m?
2, 3, 13, 19
Suppose 7*s - 1428 = 24*s. Let g(n) = -8*n + 1. Let z be g(6). Let w = z - s. List the prime factors of w.
37
Suppose 5*x = 5*d - 370, 3*x - 6*x - 229 = 4*d. Let r = x + 90. List the prime factors of r.
3, 5
Suppose -2*q + 4*z + 11 = -7, 0 = -5*z - 20. Suppose -2*x + 6 = m + q, -10 = 3*x + 5*m. List the prime factors of x*(-3)/45 - 1502/(-6).
2, 5
Suppose -39 = -v - 5*z + 5, 0 = 5*v + z - 124. Suppose 8*d = v*d - 8752. List the prime factors of d.
547
Let o = 5929 - 1783. List the prime factors of o.
2, 3, 691
Let s = -100 - -58. What are the prime factors of 17031/s*(1 + -3)?
811
Let b be ((-14)/2)/((-1)/(-6)). Suppose -645*j + 11340 = -555*j. List the prime factors of (-862)/(-6) - b/j.
2, 3
Let g = -94 - 39. Let b(o) = 9*o**2 + 1. Let z be b(-5). Let s = z + g. What are the prime factors of s?
3, 31
Suppose 21*o - 17*o - 72 = 0. Let r be (6/5)/(o/(-45)). List the prime factors of r*2 - -2 - -66.
2, 31
Let o(y) = y**2 - y - 6. Let l be o(3). Let s = -229 - -465. Suppose -b - b + s = l. What are the prime factors of b?
2, 59
Let m = -75 + 50. Suppose r = -4*a - 84, -4*r - 4*a = a + 325. Let z = m - r. List the prime factors of z.
5, 11
Let z(w) = w**3 + 8*w**2 - 13*w - 14. Let p be z(-10). Let v(k) = k**3 - 20*k**2 + 8*k - 53. Let r be v(20). Let m = r + p. List the prime factors of m.
23
What are the prime factors of (1329444/(-32))/(-9) + 31/(-248)?
2, 577
List the prime factors of -6*(7/(-35))/(9/15)*8233.
2, 8233
Suppose -10 = -5*c + 4*r + 8, -14 = -2*c + 5*r. Suppose -3*b + 1294 = -c*g, -2*g + 0*g + 1286 = 3*b. List the prime factors of b.
2, 5, 43
Suppose -3*a - 4*k = -42102, 5*k = -2*a + 7*k + 28082. List the prime factors of a.
2, 7019
Let b(i) = 383*i**2 + 878*i + 1. What are the prime factors of b(-7)?
2, 6311
Suppose -5*l + 3*j - 26 = 0, -3*l + 4*j - 11 = -2. Let o(s) = -90*s + 4. What are the prime factors of o(l)?
2, 317
Suppose 6*s - 14 = 20*s. What are the prime factors of -1*-1*(-1)/(s/1179)?
3, 131
Let x = 1307 + -1126. Let v be (0 - (0 + 0))/(-1). Suppose -5*k + 3*g = -x, v*k - g = 3*k - 103. What are the prime factors of k?
5, 7
Let v(x) = 147*x - 70. Let f(h) = -147*h + 67. Let o(u) = 4*f(u) + 3*v(u). List the prime factors of o(-8).
2, 617
Suppose 3*y - 6*y + 12 = -3*b, 3*b = -y - 4. Suppose -2*a - h + 118 = 0, 0 = -3*a + 5*a - h - 126. Let x = a + y. List the prime factors of x.
3, 7
Let r = 18567 - 8774. What are the prime factors of r?
7, 1399
Suppose o + 16 = -5*c + 3*o, -11 = -2*c - 5*o. List the prime factors of ((-44)/24)/((-2)/(-18))*c.
3, 11
Suppose 0 = -11*u - 111 + 34. What are the prime factors of -8 + (-84)/u + 150?
2, 7, 11
Let n be (-1)/(-9)*3 - (-4)/6. Suppose n = 5*k - 14. Suppose 2*b - 75 = -3*z + 42, -135 = -k*z + 4*b. List the prime factors of z.
41
Suppose 60 - 58 = -o. Let a(n) = -79*n + 7. List the prime factors of a(o).
3, 5, 11
Suppose -2529 = 6*g + 2091. Let k = g - -1364. List the prime factors of k.
2, 3, 11
Suppose 1093 = 11*l + 1038. What are the prime factors of l?
5
Let m(q) = 240*q**2 + 2*q - 2. Suppose 116*t = 121*t - 5. Let s be m(t). Suppose 2*c - 5*c + s = 0. List the prime factors of c.
2, 5
List the prime factors of 35*(-1958 + 2)*-10*(-3)/(-60).
2, 3, 5, 7, 163
Suppose -331833 = -99*k + 231873. List the prime factors of k.
2, 3, 13, 73
Suppose -2*g - 8 = 0, 0 = 5*h - g + 2*g - 14686. List the prime factors of h.
2, 13, 113
Let g(j) = 6*j**3 - 7*j**3 - 12*j + 0*j**3 - j - 10*j**2 + 2. Let m be g(-9). Let c = m + -32. What are the prime factors of c?
2, 3
Suppose 5*t - 3*b - 68 = 0, 2 = 4*t + b - 66. Suppose -t*m + 19 = -13. List the prime factors of ((-2)/m - (-20)/12)*339.
2, 113
Suppose -25 = -2*u - f - 6, -5*u = 2*f - 48. Suppose u*t - 98 - 332 = 0. List the prime factors of t.
43
Suppose 201*i - 1789784 = 4056502. List the prime factors of i.
2, 14543
Let f(g) = 41*g + 36. Let b be f(4). Let z = 15 - 154. Let n = z + b. List the prime factors of n.
61
Let a = -199 - -451. Let z be (-15)/25*-1 + a/5. Let m = z - 4. List the prime factors of m.
47
Let n be (-2781)/6*(-8)/(-6). Let p = 645 + n. List the prime factors of p.
3
Let w = 44 - 35. Suppose w*k + 31 + 5 = 0. List the prime factors of k + (1 - -1) - -60.
2, 29
Let s(x) = -1. Let z(r) = 10*r**2 + 16*r**2 + 11 - 15*r - 28*r**2. Let a(t) = -s(t) - z(t). List the prime factors of a(5).
5, 23
Suppose -2 + 2 = 16*b. Suppose -6*a + 3586 + 2138 = b. What are the prime factors of a?
2, 3, 53
Suppose -4*n - 5*i + 61 = 0, -2*n + 4*i + 16 = 2*n. Suppose 4*k = -n - 15. Let o(q) = -9*q - 17. What are the prime factors of o(k)?
37
What are the prime factors of 1410/10*(-2085)/(-45)?
47, 139
Let v(o) = -o**2 + 17*o - 5. Let z be v(4). Suppose -z*s = -59*s + 7320. List the prime factors of s.
2, 5, 61
Suppose 0 = -z - 2*w - w + 1, 2*w + 26 = 2*z. Suppose -14*l + 12 = -z*l. Suppose -191 = -3*q - n - 14, -l*q + 177 = -4*n. List the prime factors of q.
59
Let r(o) = 3*o. Let a be r(2). Suppose 3*w = a*w - 1443. List the prime factors of w.
13, 37
What are the prime factors of (1 + (12 - 50))*-697 - 6/2?
2, 12893
Suppose -4*q = -11*q - 105. What are the prime factors of (-6116)/(-10) - q/(-25)?
13, 47
Let l(h) = -2*h**2 - 18*h + 6. Let b be l(-9). Suppose -7 = -b*c + 23. Suppose -10 = -2*n, o - 13 = c*n + 41. List the prime factors of o.
79
Suppose 4*o = -m + 1 - 5, 0 = -3*m - o + 10. Suppose 1095 = 4*q + 5*u + 62, q - 272 = -m*u. What are the prime factors of q?
2, 3, 7
Suppose 58*u - 115443 - 1327461 = -u. What are the prime factors of u?
2, 3, 1019
Let g(i) = i**3 + 50*i**2 - 6*i + 76. List the prime factors of g(-8).
2, 19, 37
Let j(c) = 5*c - 7. Let q be j(5). Suppose 5*s - 6 = k, -2*k = k - 5*s + q. List the prime factors of 31/((-8)/k - 1).
3, 31
Suppose 34*f - 70837 - 154379 = 0. List the prime factors of f.
2, 3, 23
Suppose 21*m - 26*m = -30, -4*m = -4*g + 58428. What are the prim